s digit of (-488)/(-72) - (-4)/f?
7
Let p be 2 + 1 + (343 - 8). Suppose -3*x - 6 = -0*x, 5*x = -4*u + p. Suppose 7*s - u - 137 = 0. What is the units digit of s?
2
Suppose -4*g - 29 - 23 = 4*j, 2*j + 38 = 2*g. What is the tens digit of (1 + (-156)/j)*(26 + 2)?
0
Suppose -7*c + 5*c + 94 = 0. Suppose -5*p + 212 - c = 0. What is the tens digit of p?
3
Suppose 0 = -a + u - 45, 3*u = -u - 8. Let w = a - -99. What is the units digit of w?
2
Let a(w) = 10*w + 1. Let h(b) = 2*b - 14. Let v = -12 + 20. Let l be h(v). What is the tens digit of a(l)?
2
Let i be (3 + -2 + 33)*-1. Let p = i - -22. Let r = -5 - p. What is the units digit of r?
7
Suppose 0 = -h + 2*h - 3*q - 363, -4*q - 720 = -2*h. What is the tens digit of h?
5
Let q be ((-3)/(-12)*10 - 1)*-10. What is the tens digit of 21/((9/(-40))/(q/10))?
4
Suppose r - x - 8 = 0, r - 5*r - 5*x = -32. Let v(d) = -d + 10. Let c be v(r). Suppose 3*n - 11 = c*n. What is the tens digit of n?
1
Let i(w) be the first derivative of 16*w**3/3 - w**2 - w + 4. Let p be i(-1). Let o = p - 6. What is the tens digit of o?
1
Let m(l) = l**2 + 17*l - 61. Let t be m(-19). Let a = 20 - t. What is the units digit of a?
3
Let u(t) = 667*t - 26. What is the hundreds digit of u(1)?
6
Let z(r) = r**2 - 14*r + 11. Let c(t) = -t**2 + 13*t - 11. Let a(s) = -3*c(s) - 2*z(s). What is the units digit of a(14)?
3
Let x(c) = -c**2 - 20*c + 9. Suppose 4*t - 34 = 66. Suppose -t = j - 8. What is the tens digit of x(j)?
6
Let g(m) = -13*m + 3334. What is the hundreds digit of g(0)?
3
Let t be (-50)/20*(48/10)/(-4). What is the hundreds digit of (-42 - 0 - t)*-3?
1
Let m = 5 + -7. Suppose -s + 8 = -5*s. What is the units digit of 0 + s/m + 42?
3
Let d(v) = 5*v + 484. What is the units digit of d(0)?
4
What is the units digit of (-5)/(40/(-124))*4/2?
1
Let i(g) = -g**2 - 2*g + 3. Let l be i(-3). Suppose 10 = -2*a - l*a - 3*c, 2*c = 2*a. Let b = a - -9. What is the units digit of b?
7
Suppose 2252 = 11*r + 327. What is the tens digit of r?
7
Suppose 0 = 2*c + 125 + 253. Let z = c - -329. Suppose 7*h - z = 3*h. What is the units digit of h?
5
Suppose -13*p - 18 = -16*p. Let s be p/(-21) - 430/(-35). What is the tens digit of s + 1/3*-3?
1
Let q = 26 + -21. Let c(g) = g**2 + g + 6. What is the units digit of c(q)?
6
Let y = -14 + 18. Suppose -y*h + 171 = -h - b, 3*h = -4*b + 186. What is the tens digit of h?
5
Let s be ((-416)/20)/((-1)/(-5)). Let i = s - -184. What is the units digit of i?
0
Suppose -16 = -s - 3*s. Let f(m) = m - 6. Let g be f(s). What is the units digit of (-54)/(-3) - (g - 0)?
0
Suppose 748*v = 762*v - 34300. What is the tens digit of v?
5
Suppose 0 = w - 0*w + 213. Let b = 416 + w. What is the units digit of b?
3
Suppose 0 = -45*k + 50*k - 360. What is the units digit of k?
2
Let i be -33*(8 - 4)/4. Let t = i - -37. What is the units digit of t?
4
Let l(f) = -f**3 + 2*f**2 + 5*f - 4. Let j be l(3). Suppose j*v = 2*x - 48 - 68, 3*v + 286 = 5*x. What is the tens digit of x?
5
Let r(m) = -4*m**3 - 3*m**2 - 2*m. Let q be r(-2). Let v = q - 15. Suppose 0*j + v = j. What is the units digit of j?
9
Let i = 2904 - 467. What is the hundreds digit of i?
4
Suppose -2*v = -3*j - 8, -4*j - 4 = -4*v - 0*v. Let w = 15 - j. Suppose 2*t = 3*t - w. What is the units digit of t?
1
Suppose 7754 = -11*m + 23033. What is the hundreds digit of m?
3
Let g = -54 + 139. Let j = g + -6. Let q = j + -44. What is the tens digit of q?
3
Suppose -c = -3*m - 44, 175 = 3*c - 4*m + 48. Let s = c - 0. What is the units digit of s?
1
Suppose 670 = -2*q + 7*q. Let k = 282 - q. What is the tens digit of k?
4
Suppose 5*d - 50 = 2*o, d - 6*d - 3*o + 25 = 0. Suppose d*a - 210 = 430. What is the units digit of a?
0
Suppose 45*o - 604 = 13211. What is the units digit of o?
7
Let f = -128 - -488. What is the hundreds digit of f?
3
Let a(u) = u**3 - 5*u**2. Let c(d) = d**2 + 11*d - 6. Suppose -60 = 5*m + 3*p, -p = -2*m - 5*p - 24. Let j be c(m). What is the tens digit of a(j)?
3
Let w(d) = 26*d**2 - 63*d - 12. What is the hundreds digit of w(8)?
1
Let f(b) = 3*b - 4. Let v be f(2). Suppose -98 = -v*m - 3*w, -6*w + 227 = 5*m - 3*w. What is the tens digit of m?
4
What is the hundreds digit of (7188/(-42))/(8/(-28))?
5
Let d(w) = -w**3 + 7*w**2 - 7*w. Let x be 16/(-40) - 27/(-5). Let z = x + 0. What is the units digit of d(z)?
5
Let t be (9/(-18))/(3/(-18)). Let f(r) = 48*r - 3. What is the units digit of f(t)?
1
Let q be (4 + -8 - -1) + 4. What is the units digit of (2/6)/(q/195)?
5
Let i(w) = 2*w**2 + 3*w**2 + 56 - 48 + 7*w - 3*w**2. What is the tens digit of i(-6)?
3
Suppose 0 = 3*w + 23 - 35. Suppose w*f + 462 - 1418 = 0. What is the units digit of f?
9
Let g(r) = -2*r**3 - 2*r - 1. Let l be g(-2). Suppose -v + l = 2. What is the units digit of v?
7
Let y = -35 - -40. Suppose -2*c + 407 = y*q + 2*c, 75 = q + 4*c. What is the units digit of q?
3
Let z = 133 + -52. Let v = 140 - z. What is the units digit of v?
9
What is the tens digit of (0 - -31)*9/((-18)/(-28))?
3
Suppose -a = 5*a - 3024. Suppose a - 94 = 5*j. What is the units digit of j?
2
Let h be (-59)/(-2) - (5 + 27/(-6)). What is the tens digit of (h/2)/((-2)/(-16))?
1
What is the hundreds digit of ((-2)/8)/((-10)/28760)?
7
Suppose -2*r = -0*r - 24. Suppose 0 = h - 3*h - 4*l - r, 4*h = -2*l - 18. Let m = 0 - h. What is the units digit of m?
4
Let v(t) = t**3 - t - 2. Let u(x) = -x**3 + x**2 + x + 2. Let n = 9 + -9. Let z be u(n). What is the units digit of v(z)?
4
Suppose 0 = -5*f + 4*s + 345, -f - s + 5*s + 85 = 0. Let g = 120 - f. What is the tens digit of g?
5
Suppose g = -0*g + 7. Suppose 0 = -10*t + g*t + 15. Suppose -3*n + 4*h = -165, -3*n + t*h + 0*h = -165. What is the units digit of n?
5
Let a(t) = 2 + 2*t + 2 + 0*t - 3*t. Let s be a(-10). What is the units digit of (-4)/s - (-60)/14?
4
Let p(g) = -51*g - 30. What is the tens digit of p(-5)?
2
Let q be 50/(-35) + 1 + (-48)/(-14). What is the tens digit of q*(14/(-105) + 202/15)?
4
Let w be (-354)/(-7) - 44/77. Let i = w - 32. What is the units digit of i?
8
Suppose -2*l - 3926 = 4*q + 1582, -5496 = 4*q - l. What is the units digit of (-2)/12 - q/6?
9
Let u(c) = 241*c**2 - 26*c + 6. What is the tens digit of u(4)?
5
Let v(x) = x**2 + 6*x - 5. Suppose 3*t = 15, 3*k + 0*t + 2*t = 19. What is the units digit of v(k)?
2
Let h(v) = 4*v**3 - 7*v**2 - 7*v - 11. What is the units digit of h(6)?
9
What is the tens digit of (((-10)/4)/1)/(417/(-9174))?
5
Let m(j) = -179*j**3 - 3*j - 3. What is the hundreds digit of m(-3)?
8
Let b(i) = i**3 + 28*i**2 + 51*i - 63. What is the thousands digit of b(-22)?
1
Suppose -78450 = -26*r + 8208. What is the hundreds digit of r?
3
Suppose 5*c - 4*o - 2342 = 3*c, 0 = 4*c + 4*o - 4696. What is the thousands digit of c?
1
Suppose 3*x - 2*x - 2*t + 39 = 0, t - 97 = 3*x. Let h = -13 - x. What is the units digit of h?
8
Suppose -4*x + 4*i + 24 = 0, -2*x - 5*i + 42 = 16. Let l be (-2 - (-15)/6)*0. Suppose -4*a + l*a + x = 0. What is the units digit of a?
2
Let z be 0 + 6 + 4*-1. Suppose -z*b = -4 + 10. What is the units digit of ((-116)/(-10) + b)*5?
3
Suppose 0*r - 361 = 3*v + 2*r, 5*v + 585 = 5*r. Let q = 315 + v. What is the tens digit of q?
9
Let p = 235 - 419. Let f = p - -267. What is the tens digit of f?
8
Let k = -12 + 14. Suppose -3*h + 2*s + 48 = -2*h, k*h - 72 = -2*s. What is the tens digit of h?
4
Let t be (1 + 0 + -2)*(10 - 151). Suppose x + 13 = t. What is the tens digit of x?
2
Let z = 4 - 1. Suppose -29*l + 28*l + 10 = 0. Suppose -8 = -k - z*o + 43, -l = 5*o. What is the units digit of k?
7
Let r = 1450 - 387. What is the tens digit of r?
6
Suppose -4*c + 11978 = -2*z, 0*c + z - 8976 = -3*c. What is the tens digit of c?
9
What is the hundreds digit of 25767/6 + (-35)/14?
2
Let a = 916 - -187. What is the hundreds digit of a?
1
What is the units digit of (2792/(-12) - 1/(-1))*-3?
5
Let v(m) = -251*m**2 - 2*m + 3. Let j be v(1). Let t = j - -354. What is the hundreds digit of t?
1
Suppose 59 = 3*t - 0*i - 2*i, 0 = -t - i + 18. Suppose -t = -3*z + 23. Suppose -2*d - z = -3*d. What is the units digit of d?
4
Let l = -45 - -23. Let b = l + 25. Suppose -b*k + 2 + 61 = 0. What is the tens digit of k?
2
Let p be (-3 - -1)*(26 - -5). Suppose -5*z + 146 = -344. Let q = p + z. What is the units digit of q?
6
Let o be ((-